{"id":83,"date":"2022-08-09T07:27:09","date_gmt":"2022-08-09T07:27:09","guid":{"rendered":"https:\/\/www.rccarpaty.sk\/?page_id=83"},"modified":"2025-07-23T15:36:05","modified_gmt":"2025-07-23T15:36:05","slug":"o-nas","status":"publish","type":"page","link":"https:\/\/www.rccarpaty.sk\/index.php\/o-nas\/","title":{"rendered":"Kto sme a \u010do chceme?"},"content":{"rendered":"\n<p>Chceme, aby \u013eudia a rodiny boli spolu. Aby spolu tr\u00e1vili \u010das v pr\u00edrode pri pr\u00edjemn\u00fdch aktivit\u00e1ch. Vn\u00edmame a vid\u00edme to v dne\u0161nej dobe zvl\u00e1\u0161\u0165, \u017ee \u013eudia sa st\u00e1le menej spolu stret\u00e1vaj\u00fa a rozpr\u00e1vaj\u00fa. Nie je ni\u010d lep\u0161ie, ako ke\u010f sa \u013eudia spolu c\u00edtia dobre a jedno pri akej pr\u00edle\u017eitosti to je. Preto sme sa rozhodli prispie\u0165 svojou tro\u0161kou k tomu, aby bol tento svet mo\u017eno tro\u0161ku znesite\u013enej\u0161ie miesto pre \u017eivot \ud83d\ude42<\/p>\n\n\n\n<p>Organizujeme RC exped\u00edcie s aut\u00ed\u010dkami a stretnutia priate\u013eov tohto zauj\u00edmav\u00e9ho kon\u00ed\u010dka. M\u00f4\u017ee sa prida\u0165 ka\u017ed\u00fd . Na na\u0161ej webovej str\u00e1nke a hlavne facebook str\u00e1nke zverej\u0148ujeme term\u00edny a lokality na\u0161ich stretnut\u00ed. <\/p>\n\n\n\n<p>Ak e\u0161te nem\u00e1te svoje RC aut\u00ed\u010dko, ale mo\u017eno by ste si to chceli vysk\u00fa\u0161a\u0165, vieme V\u00e1m ho zapo\u017ei\u010da\u0165 za servisn\u00fd poplatok. 20\u20ac za exped\u00edciu. Sta\u010d\u00ed si rezervova\u0165 term\u00edn na facebook str\u00e1nke alebo webovej str\u00e1nke. Po\u010det aut\u00ed\u010dok na po\u017ei\u010danie sa bude postupne zvy\u0161ova\u0165. Ak V\u00e1s taktie\u017e chyt\u00ed t\u00e1to \u201ev\u00e1\u0161e\u0148\u201c ako n\u00e1s, m\u00f4\u017eeme V\u00e1m poradi\u0165, ak\u00e9 auto si pr\u00edpadne k\u00fapi\u0165 \/ objedna\u0165<\/p>\n\n\n\n<p>Amat\u00e9rsky Klub RC CARPATY <\/p>\n\n\n\n<p><br><\/p>\n\n\n\n<p><\/p>\n\n\n\n<p>\u010eakujeme za ka\u017ed\u00e9 euro, ktor\u00e9 n\u00e1m dobrovo\u013ene prispejete.<\/p>\n\n\n\n<p>Ak m\u00e1te chu\u0165 a uzn\u00e1te za vhodn\u00e9, m\u00f4\u017eete n\u00e1s podpori\u0165 prostredn\u00edctvom platformy Buy me a coffee. Vpravo dolu n\u00e1jdete odkaz s obr\u00e1zkom k\u00e1vy, kde n\u00e1s m\u00f4\u017eete finan\u010dne podpori\u0165.  <\/p>\n\n\n\n<p><\/p>\n","protected":false},"excerpt":{"rendered":"<p>Chceme, aby \u013eudia a rodiny boli spolu. Aby spolu tr\u00e1vili \u010das v pr\u00edrode pri pr\u00edjemn\u00fdch aktivit\u00e1ch. Vn\u00edmame a vid\u00edme to v dne\u0161nej dobe zvl\u00e1\u0161\u0165, \u017ee \u013eudia sa st\u00e1le menej spolu&hellip;&nbsp;<a href=\"https:\/\/www.rccarpaty.sk\/index.php\/o-nas\/\" class=\"\" rel=\"bookmark\">\u010c\u00edta\u0165 viac &raquo;<span class=\"screen-reader-text\">Kto sme a \u010do chceme?<\/span><\/a><\/p>\n","protected":false},"author":1,"featured_media":0,"parent":0,"menu_order":0,"comment_status":"closed","ping_status":"closed","template":"","meta":{"om_disable_all_campaigns":false,"_monsterinsights_skip_tracking":false,"_monsterinsights_sitenote_active":false,"_monsterinsights_sitenote_note":"","_monsterinsights_sitenote_category":0,"neve_meta_sidebar":"","neve_meta_container":"","neve_meta_enable_content_width":"","neve_meta_content_width":0,"neve_meta_title_alignment":"","neve_meta_author_avatar":"","neve_post_elements_order":"","neve_meta_disable_header":"","neve_meta_disable_footer":"","neve_meta_disable_title":"","footnotes":""},"class_list":["post-83","page","type-page","status-publish","hentry"],"_links":{"self":[{"href":"https:\/\/www.rccarpaty.sk\/index.php\/wp-json\/wp\/v2\/pages\/83","targetHints":{"allow":["GET"]}}],"collection":[{"href":"https:\/\/www.rccarpaty.sk\/index.php\/wp-json\/wp\/v2\/pages"}],"about":[{"href":"https:\/\/www.rccarpaty.sk\/index.php\/wp-json\/wp\/v2\/types\/page"}],"author":[{"embeddable":true,"href":"https:\/\/www.rccarpaty.sk\/index.php\/wp-json\/wp\/v2\/users\/1"}],"replies":[{"embeddable":true,"href":"https:\/\/www.rccarpaty.sk\/index.php\/wp-json\/wp\/v2\/comments?post=83"}],"version-history":[{"count":11,"href":"https:\/\/www.rccarpaty.sk\/index.php\/wp-json\/wp\/v2\/pages\/83\/revisions"}],"predecessor-version":[{"id":535,"href":"https:\/\/www.rccarpaty.sk\/index.php\/wp-json\/wp\/v2\/pages\/83\/revisions\/535"}],"wp:attachment":[{"href":"https:\/\/www.rccarpaty.sk\/index.php\/wp-json\/wp\/v2\/media?parent=83"}],"curies":[{"name":"wp","href":"https:\/\/api.w.org\/{rel}","templated":true}]}}